{"version":"1.0","provider_name":"Paris Running Tours","provider_url":"https:\/\/test-parisrunningtour.laurieassemat.com\/fr","author_name":"Admin","author_url":"https:\/\/test-parisrunningtour.laurieassemat.com\/fr\/author\/admin\/","title":"Hiver pr\u00e9coce aux Champs-Elys\u00e9es avec Karine | Paris Running Tours","type":"rich","width":600,"height":338,"html":"<blockquote class=\"wp-embedded-content\" data-secret=\"Zs8Z8NBp68\"><a href=\"https:\/\/test-parisrunningtour.laurieassemat.com\/fr\/hiver-precoce-aux-champs-elysees-avec-karine\/\">Hiver pr\u00e9coce aux Champs-Elys\u00e9es avec Karine<\/a><\/blockquote><iframe sandbox=\"allow-scripts\" security=\"restricted\" src=\"https:\/\/test-parisrunningtour.laurieassemat.com\/fr\/hiver-precoce-aux-champs-elysees-avec-karine\/embed\/#?secret=Zs8Z8NBp68\" width=\"600\" height=\"338\" title=\"\u00ab\u00a0Hiver pr\u00e9coce aux Champs-Elys\u00e9es avec Karine\u00a0\u00bb &#8212; Paris Running Tours\" data-secret=\"Zs8Z8NBp68\" frameborder=\"0\" marginwidth=\"0\" marginheight=\"0\" scrolling=\"no\" class=\"wp-embedded-content\"><\/iframe><script>\n\/*! This file is auto-generated *\/\n!function(d,l){\"use strict\";l.querySelector&&d.addEventListener&&\"undefined\"!=typeof URL&&(d.wp=d.wp||{},d.wp.receiveEmbedMessage||(d.wp.receiveEmbedMessage=function(e){var t=e.data;if((t||t.secret||t.message||t.value)&&!\/[^a-zA-Z0-9]\/.test(t.secret)){for(var s,r,n,a=l.querySelectorAll('iframe[data-secret=\"'+t.secret+'\"]'),o=l.querySelectorAll('blockquote[data-secret=\"'+t.secret+'\"]'),c=new RegExp(\"^https?:$\",\"i\"),i=0;i<o.length;i++)o[i].style.display=\"none\";for(i=0;i<a.length;i++)s=a[i],e.source===s.contentWindow&&(s.removeAttribute(\"style\"),\"height\"===t.message?(1e3<(r=parseInt(t.value,10))?r=1e3:~~r<200&&(r=200),s.height=r):\"link\"===t.message&&(r=new URL(s.getAttribute(\"src\")),n=new URL(t.value),c.test(n.protocol))&&n.host===r.host&&l.activeElement===s&&(d.top.location.href=t.value))}},d.addEventListener(\"message\",d.wp.receiveEmbedMessage,!1),l.addEventListener(\"DOMContentLoaded\",function(){for(var e,t,s=l.querySelectorAll(\"iframe.wp-embedded-content\"),r=0;r<s.length;r++)(t=(e=s[r]).getAttribute(\"data-secret\"))||(t=Math.random().toString(36).substring(2,12),e.src+=\"#?secret=\"+t,e.setAttribute(\"data-secret\",t)),e.contentWindow.postMessage({message:\"ready\",secret:t},\"*\")},!1)))}(window,document);\n\/\/# sourceURL=https:\/\/test-parisrunningtour.laurieassemat.com\/fr\/wp-includes\/js\/wp-embed.min.js\n<\/script>\n","thumbnail_url":"https:\/\/test-parisrunningtour.laurieassemat.com\/fr\/wp-content\/uploads\/sites\/1\/2010\/12\/PRT2010-12-01_ChampsElysees.jpg","thumbnail_width":556,"thumbnail_height":556,"description":"Champs-Elys\u00e9es &#8211; Karine 7h30 &#8211; Moins 6\u00b0C ce matin ! Paris est d\u00e9j\u00e0 pr\u00eat pour c\u00e9l\u00e9brer les festivit\u00e9s de fin d&rsquo;ann\u00e9e, ajoutant le temps froid et la neige au programme pour \u00eatre dans l&rsquo;ambiance id\u00e9ale&#8230; Aussi, avec Karine de Montr\u00e9al (Canada), nous sommes partis avec la ferme intention de nous r\u00e9chauffer rapidement, courant au centre de Paris en passant notamment par le Palais Royal et les Champs-Elys\u00e9es. Froid ? Nous ? Jamais ? Tant que nous courons ! Alice, une journaliste de RFI (Radio France Internationale) a couru avec nous. Son reportage radio pr\u00e9sente des mani\u00e8res originales de visiter une ville comme Paris. Nous pensons que Paris Running Tours en est vraiment une ! :^) Vous pouvez \u00e9couter ce reportage ici. Merci Karine, merci Alice ! A propos des Champs-Elys\u00e9es: L&rsquo;avenue des Champs-Elys\u00e9es est consid\u00e9r\u00e9e comme la plus belle avenue au monde, vous le savez, mais savez-vous ce que \u00ab\u00a0Champs-Elys\u00e9es\u00a0\u00bb signifie ? Dans la mythologie grecque, les champs Elys\u00e9es \u00e9taient le lieu o\u00f9 se rendaient les morts qui \u00e9taient b\u00e9nis des Dieux, les \u00e2mes h\u00e9ro\u00efques et vertueuses. Le tout proche Palais de l&rsquo;Elys\u00e9e est la r\u00e9sidence du Pr\u00e9sident de la R\u00e9publique, raison pour laquelle \u00ab\u00a0l&rsquo;\u00c9lys\u00e9e\u00a0\u00bb est fr\u00e9quemment utilis\u00e9 pour d\u00e9signer la Pr\u00e9sidence de la R\u00e9publique fran\u00e7aise. Le parcours :\u00a0"}

Hiver précoce aux Champs-Elysées avec Karine | Paris Running Tours

<blockquote class="wp-embedded-content" data-secret="Zs8Z8NBp68"><a href="https://test-parisrunningtour.laurieassemat.com/fr/hiver-precoce-aux-champs-elysees-avec-karine/">Hiver précoce aux Champs-Elysées avec Karine</a></blockquote><iframe sandbox="allow-scripts" security="restricted" src="https://test-parisrunningtour.laurieassemat.com/fr/hiver-precoce-aux-champs-elysees-avec-karine/embed/#?secret=Zs8Z8NBp68" width="600" height="338" title="« Hiver précoce aux Champs-Elysées avec Karine » &#8212; Paris Running Tours" data-secret="Zs8Z8NBp68" frameborder="0" marginwidth="0" marginheight="0" scrolling="no" class="wp-embedded-content"></iframe><script>
/*! This file is auto-generated */
!function(d,l){"use strict";l.querySelector&&d.addEventListener&&"undefined"!=typeof URL&&(d.wp=d.wp||{},d.wp.receiveEmbedMessage||(d.wp.receiveEmbedMessage=function(e){var t=e.data;if((t||t.secret||t.message||t.value)&&!/[^a-zA-Z0-9]/.test(t.secret)){for(var s,r,n,a=l.querySelectorAll('iframe[data-secret="'+t.secret+'"]'),o=l.querySelectorAll('blockquote[data-secret="'+t.secret+'"]'),c=new RegExp("^https?:$","i"),i=0;i<o.length;i++)o[i].style.display="none";for(i=0;i<a.length;i++)s=a[i],e.source===s.contentWindow&&(s.removeAttribute("style"),"height"===t.message?(1e3<(r=parseInt(t.value,10))?r=1e3:~~r<200&&(r=200),s.height=r):"link"===t.message&&(r=new URL(s.getAttribute("src")),n=new URL(t.value),c.test(n.protocol))&&n.host===r.host&&l.activeElement===s&&(d.top.location.href=t.value))}},d.addEventListener("message",d.wp.receiveEmbedMessage,!1),l.addEventListener("DOMContentLoaded",function(){for(var e,t,s=l.querySelectorAll("iframe.wp-embedded-content"),r=0;r<s.length;r++)(t=(e=s[r]).getAttribute("data-secret"))||(t=Math.random().toString(36).substring(2,12),e.src+="#?secret="+t,e.setAttribute("data-secret",t)),e.contentWindow.postMessage({message:"ready",secret:t},"*")},!1)))}(window,document);
//# sourceURL=https://test-parisrunningtour.laurieassemat.com/fr/wp-includes/js/wp-embed.min.js
</script>

Champs-Elysées &#8211; Karine 7h30 &#8211; Moins 6°C ce matin ! Paris est déjà prêt pour célébrer les festivités de fin d&rsquo;année, ajoutant le temps froid et la neige au programme pour être dans l&rsquo;ambiance idéale&#8230; Aussi, avec Karine de Montréal (Canada), nous sommes partis avec la ferme intention de nous réchauffer rapidement, courant au centre de Paris en passant notamment par le Palais Royal et les Champs-Elysées. Froid ? Nous ? Jamais ? Tant que nous courons ! Alice, une journaliste de RFI (Radio France Internationale) a couru avec nous. Son reportage radio présente des manières originales de visiter une ville comme Paris. Nous pensons que Paris Running Tours en est vraiment une ! :^) Vous pouvez écouter ce reportage ici. Merci Karine, merci Alice ! A propos des Champs-Elysées: L&rsquo;avenue des Champs-Elysées est considérée comme la plus belle avenue au monde, vous le savez, mais savez-vous ce que « Champs-Elysées » signifie ? Dans la mythologie grecque, les champs Elysées étaient le lieu où se rendaient les morts qui étaient bénis des Dieux, les âmes héroïques et vertueuses. Le tout proche Palais de l&rsquo;Elysée est la résidence du Président de la République, raison pour laquelle « l&rsquo;Élysée » est fréquemment utilisé pour désigner la Présidence de la République française. Le parcours :
